 u.
3, 131
Let g = -93608 - -172256. What are the prime factors of g?
2, 3, 29, 113
Suppose -a + 0*a = 3*a. Suppose -3*n + 562 = 5*g, -2*g + a*g = -4*n + 758. List the prime factors of n.
3, 7
Let f = 57 + -43. Let z be (-1)/((f/204)/7). Let g = z + 170. List the prime factors of g.
2, 17
Let d(m) = 154*m + 232. Let u = 525 - 520. What are the prime factors of d(u)?
2, 3, 167
Let y(q) = 3*q**3 - 2*q**2 + 4*q - 3. Let m be y(2). Let d be (-2)/7 + (-1569)/m. Let p = 15 - d. What are the prime factors of p?
2, 3, 5
Let b be (-18)/(-2)*128/(-8)*-10. Suppose 2*a - z - 157 = 422, 5*a + 5*z - b = 0. List the prime factors of a.
17
Suppose -4*k + 0*k + 92896 = -2*g, 3*g - 92906 = -4*k. List the prime factors of k.
5, 929
Let o = 10 + -8. Let k be (1808 - (-5 + 2)) + o + -5. Suppose 0 = -12*n + k - 428. What are the prime factors of n?
5, 23
Suppose -75 = 12*l - 27*l. Suppose -4*t = -p - 1488, -l*t + 1875 = -4*p - p. What are the prime factors of t?
7, 53
Let v(l) = -486*l + 194. What are the prime factors of v(-14)?
2, 3499
Let k = -310 - -171. Let c = -49 - k. Suppose -3*d + 3*v + c = 0, -2*d + 3*v = -0*v - 60. List the prime factors of d.
2, 3, 5
Suppose 0 = 5*g + 15 - 0. Let n(w) = -7*w**2 + 4*w. Let r(z) = -8*z**2 + 4*z + 1. Let b(s) = g*n(s) + 2*r(s). What are the prime factors of b(2)?
2, 7
Let z = -26995 - -37385. What are the prime factors of z?
2, 5, 1039
Let y = 9593 - 1298. What are the prime factors of y?
3, 5, 7, 79
Suppose -7*g + 127 = -153. Let w be (36/(-24))/(3/g). What are the prime factors of 2*8/w*185/(-1)?
2, 37
Let h(i) = i**3 + 13*i**2 - 13*i + 16. Let s be h(-14). What are the prime factors of s + 2 - (-1 + -217)?
2, 3, 37
Let c = 12218 + -5733. What are the prime factors of c?
5, 1297
Let b = 3 + -11. Let m(d) = -89*d - 16. Let z be m(b). Suppose -4*l + z = 4*l. What are the prime factors of l?
3, 29
Let r(s) = s**3 - 8*s**2 + 12*s - 3. Let t be r(6). Let k be -166*t*(-1)/(-6). Suppose 0 = 3*h + 11 - k. List the prime factors of h.
2, 3
Let g(r) = 190*r**2 + 5*r - 5. Let y be g(1). Suppose -290 = -10*h + y. Suppose o - h - 109 = 0. What are the prime factors of o?
157
Let t = 1333 - -1473. Suppose -o + t = 5*j, 27*o - 2 = 25*o. List the prime factors of j.
3, 11, 17
Let h = -68 - -42. Let p = h + 42. What are the prime factors of 1/(1 + 36/p + -3)?
2
What are the prime factors of 20031 - (-11 + 7 + -3 + (0 - -1))?
3, 6679
Let r(c) = -c**2 + 285*c - 569*c + 285*c - 4 - 10*c**3. What are the prime factors of r(-2)?
2, 5, 7
Let y be (-4)/(-26) - 24468/(-156). Let a be (7 - 3)*-1 - -5. Suppose -v + a = -y. List the prime factors of v.
2, 79
Suppose -3*f - 3959 = -5*k - 27197, f - 7756 = 5*k. List the prime factors of f.
7741
Let r(g) = -4*g**2 + 3*g + 4 - 37*g**3 + 19*g**3 + g**2 + 19*g**3. Let y be r(3). Let q = 3 + y. List the prime factors of q.
2
Suppose 5*l - 62 + 62 = 0. Suppose -h - 3*d + 2*d + 113 = l, 5*h = -d + 549. Let t = 31 + h. List the prime factors of t.
2, 5, 7
Let a(j) = j**3 - 2*j**2 - 19*j - 38. Let o be a(16). Suppose 9833 = 13*p + o. List the prime factors of p.
3, 13
Suppose 4*a - 7 = 3*t - 0*t, 0 = -t + 3*a - 4. Let s be (-3936)/18 + t*(-1)/(-3). List the prime factors of 1/(((-4)/8)/(s/6)).
73
Let n = -2079 + 4267. Let y = n + -1412. What are the prime factors of y?
2, 97
Suppose 0*j = -4*j - j. Suppose -u + 5 + 0 = j. Let t(y) = 2*y**3 - 5*y**2 - y - 17. List the prime factors of t(u).
103
Suppose -21*x - 7380 = -23*x. Suppose 6*h + 0*h = x. List the prime factors of h.
3, 5, 41
Suppose 15 + 25 = -4*t. Let y = 20 + t. Let z = y - -1. List the prime factors of z.
11
Let h(t) = t**2 - 8*t - 6. Let w be h(9). Suppose -l - w*l + 198 = 3*j, 5*j - 10 = 0. What are the prime factors of 16/l + (-47)/(-3)?
2
Suppose 0 = -9*q + 504 - 468. Suppose t + 2236 = 5*y - 489, -q*t - 1652 = -3*y. List the prime factors of y.
2, 17
Let x(f) = 2*f**2 - 139*f + 235. Let t be x(67). Let j = 335 + -124. Let m = j + t. List the prime factors of m.
3, 37
Suppose 266866 = 24*d + 53506. What are the prime factors of d?
2, 5, 7, 127
Let l be 1/3 - (-7461)/(-27). What are the prime factors of (0 - (l - 2)) + 0 + 1?
3, 31
Suppose -3*z = 232 - 25. List the prime factors of 378 + 23/z + 1/3.
2, 3, 7
Let r(j) = 147*j**2 - 109*j**2 + 2*j**3 + 14*j + 4*j**3 - 5*j**3 - 5. What are the prime factors of r(-36)?
2083
Let b(j) = -3*j + 1 + 31*j**3 + 1 - 4*j**3 - j**2. Let y be (-35 - -40)*(24/10 + -2). What are the prime factors of b(y)?
2, 13
Let l be (2 - 304)/(-5 - -3). Suppose 4*t + 63 = -89. Let j = t + l. List the prime factors of j.
113
Suppose 0 = -5*s - 2*o + 2276, 0*s + o = s - 458. Let p = s - 276. What are the prime factors of p?
2, 3, 5
Suppose -3*d = 3*m - 4 - 2, -5*d - 3*m = 0. Let i(y) = -27*y + 20. Let h be i(d). Let n = -31 + h. List the prime factors of n.
2, 5, 7
List the prime factors of 1031481/151 + (1*6)/2.
2, 3, 17, 67
Let l(a) = -12*a + 162. Let j be l(24). List the prime factors of (-32928)/j + (-4)/(-6).
2, 131
Let t(y) = 75*y + 60. Let d(c) = 4*c - 1. Let f(b) = -25*d(b) + t(b). List the prime factors of f(-16).
5, 97
Let s(n) = -3*n**2 + 4*n + 66. Let h(x) = 3*x**2 - 4*x - 68. Let d(w) = 4*h(w) + 3*s(w). What are the prime factors of d(-9)?
5, 41
Suppose 3*y + 677 = 4*z, 4*z - 1201 + 62 = 5*y. Let r be ((-395)/4)/(2/(-8)). Let t = r + y. List the prime factors of t.
2, 41
Suppose 2*d - 1832 = 2*a, 5*d + 2*a - 5*a - 4588 = 0. Suppose -g - d = -2*g. What are the prime factors of g/28 + (-2)/56*-4?
3, 11
Suppose -2*d - 2 = 0, 429 = -4*x - 5*d - 80. Let j = 411 + x. Suppose 5*c + 4*o - j = 0, -5*o = -4*c - 3*o + 202. What are the prime factors of c?
53
Let f = 89 + -80. Suppose 291 = -f*u + 3711. What are the prime factors of u?
2, 5, 19
Let x = -43842 + 112461. What are the prime factors of x?
3, 89, 257
Suppose -123*c - 87*c + 1812385 = -79*c. What are the prime factors of c?
5, 2767
Suppose -1867*r + 36810 = -1862*r. What are the prime factors of r?
2, 3, 409
Let v(t) = -11*t + 71. Let c(g) = 5*g - 35. Let r(x) = -9*c(x) - 4*v(x). List the prime factors of r(7).
2, 3
Let f be 2/(-6) + 2 + 13362/18. Let w = f + -352. List the prime factors of w.
2, 7
Let f(q) = q**2 + 17*q + 3. Let n be f(14). Let s = -93 + n. What are the prime factors of s?
2, 43
Let z = 260 + 2664. List the prime factors of z.
2, 17, 43
Suppose 0 = 14*r - 8282 - 20432. List the prime factors of r.
7, 293
Suppose 2*o - 9216 - 76140 = -4*o. What are the prime factors of o?
2, 3, 2371
Let n = -495 - -432. Let g = n + 350. What are the prime factors of g?
7, 41
Suppose t = -j + 69844, -5*j + 69538 = t - 318. List the prime factors of t.
211, 331
Suppose -9*v - 336 = -3*n - 4*v, -5*n = 2*v - 560. What are the prime factors of n?
2, 7
Let a be (6/(-24)*-11)/((-6)/(-144)). Let x(z) = 2*z**2 + 15*z - 16. Let h be x(-11). Suppose a*m - h*m - 15 = 0. List the prime factors of m.
3
Let q(l) = -l**3 - 7*l**2 + 5*l + 3. Let o be q(-6). Let a = o - -186. Suppose -4*y + 65 = -a. List the prime factors of y.
47
Let q(u) = u**3 - 50*u**2 - 4*u - 173. What are the prime factors of q(52)?
11, 457
Let y(x) = 8052*x**2 - 254*x + 255. What are the prime factors of y(1)?
8053
Let q = 107 - 124. Let x = 1120 + q. What are the prime factors of x?
1103
Suppose -427*m = -2433951 - 2370226. What are the prime factors of m?
11251
Let k(f) = -f**3 + 41*f**2 + 17*f + 62. List the prime factors of k(24).
2, 7, 733
Let j(r) be the third derivative of 4*r**5/15 + r**4/8 - 3*r**3 - 243*r**2. Let f(k) = k**2 - 2*k. Let x be f(3). List the prime factors of j(x).
3, 5
Let y(x) be the second derivative of 2/3*x**4 + 14*x - 5/6*x**3 + 0 - 2*x**2 + 1/20*x**5. What are the prime factors of y(-7)?
2, 5
Suppose -36*c + 69893 = -111367. What are the prime factors of c?
5, 19, 53
Let h = -96 - -55. Let n = h - -24. Let c = n + 55. List the prime factors of c.
2, 19
List the prime factors of (-36)/(-144) + (-40078)/(-8) + (3 - 2).
5011
Let u(n) = -n**3 - 6*n**2 - 8*n - 3. Let a be u(-4). Let q(h) = 38*h**2 + 4*h + 16. What are the prime factors of q(a)?
2, 173
Let g(b) = b**3 - 3*b**2 + 12*b + 12. Suppose -23*o + 105 = -79. What are the prime factors of g(o)?
2, 107
Let l(n) = -n**3 + 2*n**2 - 5*n + 9. Let p = 420 - 424. List the prime factors of l(p).
5
Suppose 4656*v - 216738 = 4651*v + 